{"id":100,"date":"2026-02-02T11:57:36","date_gmt":"2026-02-02T11:57:36","guid":{"rendered":"https:\/\/hugo.yamedia.fi\/f%C3%B6retagypwebb\/?page_id=100"},"modified":"2026-02-17T08:08:40","modified_gmt":"2026-02-17T08:08:40","slug":"catering","status":"publish","type":"page","link":"https:\/\/hugo.yamedia.fi\/f%C3%B6retagypwebb\/catering\/","title":{"rendered":"CATERING"},"content":{"rendered":"\n<h1 class=\"wp-block-heading has-roboto-slab-font-family\">L\u00c5T OSS TA HAND OM MATEN<\/h1>\n\n\n\n<div class=\"wp-block-group is-nowrap is-layout-flex wp-container-core-group-is-layout-6c531013 wp-block-group-is-layout-flex\">\n<p class=\"has-text-align-center has-roboto-font-family\">L\u00e5t oss ta hand om maten, s\u00e5 att du sj\u00e4lv kan<br>fokusera p\u00e5 dina g\u00e4ster. Vi erbjuder catering till alla tillf\u00e4llen, stora som sm\u00e5. Personalfester, klasstr\u00e4ffar, familjefester, br\u00f6llop, dop, begravningar, konfirmation, examensfester osv. Vare sig du \u00f6nskar en Jamaica-inspirerad meny med mera exotiska smaker, eller<br>om du f\u00f6redrar en meny med mera bekanta smaker,<br>s\u00e5 fixar vi det. Ta kontakt s\u00e5 planerar vi menyn utifr\u00e5n era \u00f6nskem\u00e5l.<\/p>\n<\/div>\n\n\n\n<p class=\"has-text-align-center has-roboto-font-family\">Vi tar emot grupper i restaurangen under kv\u00e4llar\/helger. V\u00e5r restaurang har plats f\u00f6r ca. 70 g\u00e4ster.<\/p>\n\n\n\n<figure class=\"wp-block-gallery has-nested-images columns-default is-cropped wp-block-gallery-2 is-layout-flex wp-block-gallery-is-layout-flex\">\n<figure class=\"wp-block-image size-large has-custom-border\"><img loading=\"lazy\" decoding=\"async\" width=\"800\" height=\"533\" data-id=\"304\" src=\"https:\/\/hugo.yamedia.fi\/f%C3%B6retagypwebb\/wp-content\/uploads\/2026\/02\/catering-3.webp\" alt=\"\" class=\"has-border-color has-primary-border-color wp-image-304\" style=\"border-width:10px;border-top-left-radius:35px;border-top-right-radius:35px;border-bottom-left-radius:35px;border-bottom-right-radius:35px\" srcset=\"https:\/\/hugo.yamedia.fi\/f%C3%B6retagypwebb\/wp-content\/uploads\/2026\/02\/catering-3.webp 800w, https:\/\/hugo.yamedia.fi\/f%C3%B6retagypwebb\/wp-content\/uploads\/2026\/02\/catering-3-300x200.webp 300w, https:\/\/hugo.yamedia.fi\/f%C3%B6retagypwebb\/wp-content\/uploads\/2026\/02\/catering-3-768x512.webp 768w\" sizes=\"auto, (max-width: 800px) 100vw, 800px\" \/><\/figure>\n\n\n\n<figure class=\"wp-block-image size-large has-custom-border wp-duotone-unset-1\" style=\"margin-top:0;margin-right:0;margin-bottom:0;margin-left:0\"><img loading=\"lazy\" decoding=\"async\" width=\"1024\" height=\"684\" data-id=\"303\" src=\"https:\/\/hugo.yamedia.fi\/f%C3%B6retagypwebb\/wp-content\/uploads\/2026\/02\/catering2-1024x684.webp\" alt=\"\" class=\"has-border-color wp-image-303\" style=\"border-color:#c59764;border-width:10px;border-top-left-radius:35px;border-top-right-radius:35px;border-bottom-left-radius:35px;border-bottom-right-radius:35px\" srcset=\"https:\/\/hugo.yamedia.fi\/f%C3%B6retagypwebb\/wp-content\/uploads\/2026\/02\/catering2-1024x684.webp 1024w, https:\/\/hugo.yamedia.fi\/f%C3%B6retagypwebb\/wp-content\/uploads\/2026\/02\/catering2-300x200.webp 300w, https:\/\/hugo.yamedia.fi\/f%C3%B6retagypwebb\/wp-content\/uploads\/2026\/02\/catering2-768x513.webp 768w, https:\/\/hugo.yamedia.fi\/f%C3%B6retagypwebb\/wp-content\/uploads\/2026\/02\/catering2-1536x1026.webp 1536w, https:\/\/hugo.yamedia.fi\/f%C3%B6retagypwebb\/wp-content\/uploads\/2026\/02\/catering2.webp 1920w\" sizes=\"auto, (max-width: 1024px) 100vw, 1024px\" \/><\/figure>\n\n\n\n<figure class=\"wp-block-image size-large has-custom-border is-style-rounded\" style=\"margin-top:0;margin-right:0;margin-bottom:0;margin-left:0\"><img loading=\"lazy\" decoding=\"async\" width=\"800\" height=\"533\" data-id=\"302\" src=\"https:\/\/hugo.yamedia.fi\/f%C3%B6retagypwebb\/wp-content\/uploads\/2026\/02\/catering.webp\" alt=\"\" class=\"has-border-color has-primary-border-color wp-image-302\" style=\"border-width:10px;border-top-left-radius:35px;border-top-right-radius:35px;border-bottom-left-radius:35px;border-bottom-right-radius:35px\" srcset=\"https:\/\/hugo.yamedia.fi\/f%C3%B6retagypwebb\/wp-content\/uploads\/2026\/02\/catering.webp 800w, https:\/\/hugo.yamedia.fi\/f%C3%B6retagypwebb\/wp-content\/uploads\/2026\/02\/catering-300x200.webp 300w, https:\/\/hugo.yamedia.fi\/f%C3%B6retagypwebb\/wp-content\/uploads\/2026\/02\/catering-768x512.webp 768w\" sizes=\"auto, (max-width: 800px) 100vw, 800px\" \/><\/figure>\n<\/figure>\n\n\n\n<div class=\"wp-block-buttons is-layout-flex wp-block-buttons-is-layout-flex\">\n<div class=\"wp-block-button\"><a class=\"wp-block-button__link has-superbfont-xsmall-font-size has-custom-font-size wp-element-button\" href=\"https:\/\/hugo.yamedia.fi\/f%C3%B6retagypwebb\/kontakta-oss\/\" style=\"border-width:8px;border-top-left-radius:100px;border-top-right-radius:100px;border-bottom-left-radius:100px;border-bottom-right-radius:100px;padding-top:var(--wp--preset--spacing--superbspacing-xxsmall);padding-right:var(--wp--preset--spacing--superbspacing-small);padding-bottom:var(--wp--preset--spacing--superbspacing-xxsmall);padding-left:var(--wp--preset--spacing--superbspacing-small)\">TA KONTAKT<\/a><\/div>\n<\/div>\n","protected":false},"excerpt":{"rendered":"<p>L\u00c5T OSS TA HAND OM MATEN L\u00e5t oss ta hand om maten, s\u00e5 att du sj\u00e4lv kanfokusera p\u00e5 dina g\u00e4ster. Vi erbjuder catering till alla tillf\u00e4llen, stora som sm\u00e5. Personalfester, klasstr\u00e4ffar, familjefester, br\u00f6llop, dop, begravningar, konfirmation, examensfester osv. Vare sig du \u00f6nskar en Jamaica-inspirerad meny med mera exotiska smaker, ellerom du f\u00f6redrar en meny med [&hellip;]<\/p>\n","protected":false},"author":1,"featured_media":0,"parent":0,"menu_order":0,"comment_status":"closed","ping_status":"closed","template":"","meta":{"footnotes":""},"class_list":["post-100","page","type-page","status-publish","hentry"],"_links":{"self":[{"href":"https:\/\/hugo.yamedia.fi\/f%C3%B6retagypwebb\/wp-json\/wp\/v2\/pages\/100","targetHints":{"allow":["GET"]}}],"collection":[{"href":"https:\/\/hugo.yamedia.fi\/f%C3%B6retagypwebb\/wp-json\/wp\/v2\/pages"}],"about":[{"href":"https:\/\/hugo.yamedia.fi\/f%C3%B6retagypwebb\/wp-json\/wp\/v2\/types\/page"}],"author":[{"embeddable":true,"href":"https:\/\/hugo.yamedia.fi\/f%C3%B6retagypwebb\/wp-json\/wp\/v2\/users\/1"}],"replies":[{"embeddable":true,"href":"https:\/\/hugo.yamedia.fi\/f%C3%B6retagypwebb\/wp-json\/wp\/v2\/comments?post=100"}],"version-history":[{"count":21,"href":"https:\/\/hugo.yamedia.fi\/f%C3%B6retagypwebb\/wp-json\/wp\/v2\/pages\/100\/revisions"}],"predecessor-version":[{"id":324,"href":"https:\/\/hugo.yamedia.fi\/f%C3%B6retagypwebb\/wp-json\/wp\/v2\/pages\/100\/revisions\/324"}],"wp:attachment":[{"href":"https:\/\/hugo.yamedia.fi\/f%C3%B6retagypwebb\/wp-json\/wp\/v2\/media?parent=100"}],"curies":[{"name":"wp","href":"https:\/\/api.w.org\/{rel}","templated":true}]}}